alculate the remainder when 93 is divided by c.
29
Let p(i) = 4*i**2 - 3*i - 2. Suppose -4 = 4*b - 16. Suppose 3*m = 3*w - 21, 19 = w + m + 4*m. What is the remainder when p(b) is divided by w?
7
Let h(g) be the second derivative of g**5/20 + g**4/3 - 7*g**3/6 - 5*g**2/2 + g. What is the remainder when h(-4) is divided by 90/10 - 1/1?
7
Calculate the remainder when (-68 - -1)*(-27 + 26) is divided by 23.
21
Let h(q) = -14*q - 4. Let f be h(-5). Suppose -w = -4*w + f. Let g = -9 + w. Calculate the remainder when 24 is divided by g.
11
Let g be (-45)/(-1) + 10/10. Let p = g + -27. Suppose -3*j + 5*d = -20, 4*d + 27 + 5 = 4*j. What is the remainder when p is divided by j?
9
Let s(o) = -6*o - 2. Suppose 0*w - 6 = 3*w. What is the remainder when 18 is divided by s(w)?
8
Let t(r) = -r**3 - 4*r**2 - 5*r - 5. Calculate the remainder when t(-4) is divided by 4.
3
Suppose -13*r + r + 300 = 0. Calculate the remainder when 123 is divided by r.
23
Suppose -8*m + 3*m - 12 = -4*y, -y + m = -3. Suppose -128 - 50 = -5*u + y*n, 2*u + 5*n = 65. Calculate the remainder when u is divided by 9.
8
Suppose 0 = 3*y + 9 - 102. Calculate the remainder when 92 is divided by y.
30
Let m be (-2)/((-2)/4 + 0). What is the remainder when (-5)/20 - -101*1/4 is divided by -2*26/m*-1?
12
Let v(w) = 17*w - 30. Calculate the remainder when 7 is divided by v(2).
3
Let z(x) be the second derivative of x**5/20 - x**4/12 - x**3/6 + 19*x**2 - x. Suppose -115 = -38*q + 265. Calculate the remainder when z(0) is divided by q.
8
Suppose -s - 185 = -4*n, -2*s + 75 = 2*n + s. Calculate the remainder when n is divided by 16.
13
Let p = 18 - 15. Suppose -j + 2*c = -4*j + 142, -4*j + 178 = -p*c. Calculate the remainder when j is divided by 24.
22
Suppose 0 = -3*n - 2*v + 2, -3*v = n + n - 3. Suppose 0 = -4*c - 4*p, n = -4*c + c - 4*p - 5. What is the remainder when 18 is divided by c?
3
Let r = -83 - -146. What is the remainder when r is divided by 33?
30
Let c be (1*-3)/((-3)/4). Suppose c*u - 14 + 2 = 0. Suppose u*d + 115 = 8*d. What is the remainder when d is divided by 12?
11
What is the remainder when 13 + (-14)/(-49) + 40/7 is divided by (-4)/10 - (-22)/5?
3
Let z = -51 - -62. What is the remainder when 41 is divided by z?
8
Suppose 11 = o + 1. Suppose 0 = 4*j - 2*w - 62, w - 3*w = -o. What is the remainder when j is divided by 5?
3
Let z = -53 + 38. Let c be ((-2)/3)/(1/z). What is the remainder when ((-8)/c)/((-2)/25) is divided by 6?
4
Suppose -5*x + 3*x = -4. Calculate the remainder when 3 is divided by x.
1
Let w(x) = 2*x - 7. Let b be w(12). Let l = b - 6. What is the remainder when 21 is divided by l?
10
Let o = 2 - -1. Suppose -76 = -h - o*h. Calculate the remainder when h is divided by 7.
5
Suppose 3*n - i - 27 = 25, 5*n + 2*i = 105. Calculate the remainder when 54 is divided by n.
16
Let m = 0 + -8. Let l(h) = h + 9. Let w be l(m). Calculate the remainder when 4 is divided by 2*(2/4 + w).
1
Calculate the remainder when 41 is divided by (-5)/(-2)*(-72)/(-20).
5
Let x(j) = j**2 + 2*j + 10. Calculate the remainder when x(-7) is divided by 12.
9
Let c = 45 + -72. Let w be (c/6)/3*14. Calculate the remainder when 53 is divided by -3 + 1 - (w - -1).
17
Let s(r) = -2*r - 1. Let p be s(-2). Suppose p*t = 3 + 15. Let l = t - -42. Calculate the remainder when l is divided by 25.
23
Suppose 0 = 4*y + 3*v - 82, 0*v - 59 = -3*y - v. Calculate the remainder when 36 is divided by y.
17
Suppose 4*m = 3*z + 37, 5*m + 10 - 30 = -5*z. What is the remainder when m is divided by 5?
2
Calculate the remainder when 197 is divided by 20/((1 - -4)/10).
37
Let u = 167 + -88. Let y = u + -54. What is the remainder when y is divided by 9?
7
Suppose 4*p = -42 + 162. Calculate the remainder when 55 is divided by p.
25
Let s be (-3)/2*(-6)/9. Calculate the remainder when 18 is divided by 5 - (s + -2 + -1).
4
Let v(j) = -j**2 - j + 25. Let m be 15 + (-4*1)/(-2). Let d = 30 - m. Calculate the remainder when v(0) is divided by d.
12
Suppose -5*x - 11 - 29 = 0. Let k(i) = i**3 + 8*i**2 - 5*i - 3. Calculate the remainder when k(x) is divided by 19.
18
Let c be ((-2)/3)/((-2)/51). Let i = c + -4. Calculate the remainder when 38 is divided by i.
12
Let x = 126 + -84. Calculate the remainder when x is divided by 11.
9
Suppose a + 2*c = -2*a + 6, -3*c = -a - 9. Suppose -5*y - 62 = -3*n, -n - 5*y = -a*y - 34. What is the remainder when n is divided by 9?
6
Suppose y - u = 10, 4*u + 9 = -2*y + 41. Let j = 61 - 28. What is the remainder when j is divided by y?
9
Let y(z) = 3*z + 1. Suppose -23 = -3*q + u, -3*u + 4 = -2*u. What is the remainder when q is divided by y(1)?
1
Suppose -l + 2*n + 2 = 0, 4*l = -l - n + 43. Suppose -a + 2*a = l. What is the remainder when 26 is divided by a?
2
Suppose 2*g = g + 11. Suppose 0 = 7*j - 146 + 6. Calculate the remainder when j is divided by g.
9
Suppose v - 9 - 4 = 0. Let a = -64 + 113. What is the remainder when a is divided by v?
10
Calculate the remainder when 259/14 + 2/4 is divided by (-19)/(-2) + 1/2.
9
Let h = 6 + -8. Let x be h/3 - 1002/(-18). Let s = x + -15. Calculate the remainder when s is divided by 21.
19
Let p be 275/6 + (-2)/(-12). Let b = -24 + p. Calculate the remainder when b is divided by 8.
6
Suppose -4*u = -6*u + 22. Let w(f) = -f + 2. What is the remainder when u is divided by w(-4)?
5
Let c(k) = -5*k - 15*k + 3*k. Calculate the remainder when c(-1) is divided by 6.
5
Suppose 0 = -3*f + 6. What is the remainder when 22 is divided by (f/2)/(-1) + 9?
6
Let m(j) = j - 4. Let u be m(4). Suppose u = k - 3*k + 46. What is the remainder when k is divided by 4 + (-29 - 3)/(-4)?
11
Suppose 0*p + 2*p - 8 = 0. What is the remainder when 6 is divided by p?
2
Suppose -464 = -5*s + 41. What is the remainder when s is divided by 35?
31
Let k(s) = s**3 - 8*s**2 - 8*s - 3. Suppose 0 = -2*r + 4*g + 34, r + 3*g - 4 = 28. What is the remainder when r is divided by k(9)?
5
Let g(m) = 3*m + 5. Suppose 0 = -5*w + 51 + 14. What is the remainder when g(11) is divided by w?
12
Let v be 3*1 + 7 + -6. Suppose v*w = w + 15. What is the remainder when 13 is divided by w?
3
Suppose -i + 17 = b - 5*i, b + 4*i = 9. Calculate the remainder when 25 is divided by b.
12
Let m(h) = -h - 2. Suppose 4*c = -19 + 3. Calculate the remainder when m(c) is divided by (0 + 1)/(-1 - -2).
0
Let d(k) = -k**3 + 4*k**2 + 3*k + 5. Calculate the remainder when 67 is divided by d(4).
16
Let x(w) = w**2 - 7*w + 9. Let v be x(6). Suppose -v*s + 7*k = 3*k - 70, 2*s - 54 = -k. What is the remainder when (-21 - -1)/(6/(-15)) is divided by s?
24
Let b(q) = q**2 + 6. Let l(t) = -t**2 + t + 11. What is the remainder when b(5) is divided by l(0)?
9
Let c(n) = -n**3 - n**2 - n + 5. Suppose -3*a = -7 - 5. Let x(v) = -v**3 + 3*v**2 + 6*v - 6. What is the remainder when c(0) is divided by x(a)?
1
Suppose 0 = -h + 5, -h = -z + 2*z - 31. What is the remainder when 101 is divided by z?
23
Suppose 0 = -2*v - o + 93, -2*v = 4*o - 0*o - 84. What is the remainder when v is divided by 18?
12
Calculate the remainder when 56 is divided by 4/18 - 534/(-27).
16
Suppose -2*a + 109 = -7*b + 2*b, -3*a + 131 = -b. Calculate the remainder when a is divided by 15.
12
What is the remainder when 109 is divided by (-13 + 14)*(2 - -14)?
13
Suppose -8 = -3*f + 10. What is the remainder when 16 is divided by f?
4
Suppose 1 = -d - 4*d + 4*b, -4 = -b. Suppose 6 = 3*t + q, 4*q + 0*q = 2*t - 18. Suppose -t*c = -4 - 17. Calculate the remainder when c is divided by d.
1
Let i be (4 - -2)/(-3) - 15. Let o = 10 + i. What is the remainder when (-2)/o - 47/(-7) is divided by 3?
1
Let u(g) = 2*g - 7. Let i be (-7 - -8)*3*1. Suppose -n = -3*x - 15, 4*n - 7 = i*n + x. Calculate the remainder when u(5) is divided by n.
0
Suppose 2*d + 3*d - 75 = 0. Let g(q) = -3*q**3 - 4*q**2 - 3*q. Let z be g(-5). Calculate the remainder when z/(-4)*4/(-5) is divided by d.
13
Suppose -6*l + 112 = -50. What is the remainder when 74 is divided by l?
20
Let a = -1 + 5. Suppose -5*l = -4*x - 0*l + 24, -30 = -5*x + a*l. Calculate the remainder when x is divided by ((-4)/5)/((-2)/10).
2
Suppose -c + 119 = 5*u, 3*c + 0*c = u - 11. What is the remainder when 43 is divided by u?
20
Let r be (4/2)/((-4)/(-10)). Suppose 2*t - r = 3*t. Calculate the remainder when 40 is divided by 3*t/(-